actor of 1656 and 28800577?
23
Calculate the highest common divisor of 3948861586 and 206.
206
What is the highest common divisor of 2079 and 14306985?
693
What is the greatest common divisor of 29428 and 167496?
28
What is the highest common divisor of 206147 and 105289?
211
What is the greatest common divisor of 212908 and 30057972?
2108
Calculate the greatest common divisor of 45914246 and 10948.
238
Calculate the greatest common factor of 4324 and 62376.
92
Calculate the greatest common divisor of 11993245 and 119.
17
What is the highest common divisor of 17717 and 29827?
7
Calculate the highest common factor of 95470615 and 7060.
1765
What is the highest common factor of 15 and 11205730?
5
Calculate the greatest common divisor of 8894 and 1864369174.
8894
Calculate the greatest common divisor of 18881760 and 41144.
1112
Calculate the greatest common factor of 9472 and 18124224.
64
What is the greatest common divisor of 1287 and 1152567?
117
Calculate the greatest common factor of 784 and 22852963.
49
Calculate the highest common factor of 17760 and 1098870.
30
What is the greatest common divisor of 91935 and 2200765?
1135
Calculate the highest common divisor of 5244 and 328026.
138
What is the highest common factor of 253463854 and 28?
14
What is the greatest common divisor of 36469062 and 486?
54
Calculate the greatest common factor of 647 and 1465183260.
647
What is the greatest common divisor of 13712 and 138352?
16
Calculate the greatest common divisor of 1017390 and 12540.
330
What is the highest common divisor of 87 and 2284301?
29
What is the greatest common divisor of 291 and 171372?
3
What is the greatest common factor of 5236 and 26416929?
1309
What is the highest common factor of 134204910 and 21?
21
Calculate the greatest common divisor of 13 and 81737.
1
What is the greatest common factor of 69226704 and 384?
48
Calculate the highest common factor of 225599304 and 28.
28
What is the greatest common divisor of 141960 and 27118?
182
What is the highest common factor of 2126279 and 43?
1
What is the greatest common factor of 127753 and 30788?
43
What is the highest common factor of 47414 and 42431?
151
Calculate the greatest common divisor of 7459304 and 16.
8
What is the highest common factor of 26553460 and 80?
20
Calculate the highest common divisor of 175388 and 2385668.
652
What is the highest common factor of 516 and 8408349?
129
What is the greatest common divisor of 733257 and 13167?
63
Calculate the greatest common factor of 177 and 2119270206.
177
What is the highest common divisor of 14194063 and 13?
13
Calculate the greatest common divisor of 17057673 and 4985.
997
Calculate the highest common factor of 192 and 4111544640.
192
What is the highest common divisor of 37591548 and 48?
12
What is the greatest common factor of 12564 and 123255981?
3141
Calculate the highest common factor of 15215 and 6928435.
85
Calculate the greatest common factor of 2440 and 303340190.
610
What is the highest common divisor of 1417 and 28267733?
1417
Calculate the greatest common divisor of 6535078 and 968.
22
Calculate the highest common factor of 6592134 and 126.
6
What is the greatest common factor of 143104 and 13806096?
688
Calculate the greatest common divisor of 18575217 and 114.
57
What is the highest common factor of 36 and 56516916?
12
What is the greatest common factor of 27511 and 728816?
451
Calculate the greatest common divisor of 53472018 and 318.
318
Calculate the highest common factor of 95 and 52404983.
19
What is the greatest common divisor of 324044854 and 28?
14
Calculate the highest common factor of 703184042 and 6116.
3058
Calculate the greatest common divisor of 43956 and 243608.
148
Calculate the highest common factor of 18660 and 1041060.
60
What is the highest common divisor of 203928858 and 182?
14
What is the greatest common factor of 240536440 and 93?
31
What is the highest common divisor of 2639 and 775489?
377
Calculate the highest common divisor of 114880032 and 736.
736
Calculate the highest common factor of 4104 and 6674776.
152
What is the highest common divisor of 35212035 and 3135?
285
Calculate the greatest common factor of 1484 and 89098618.
742
Calculate the greatest common divisor of 1061412 and 28193.
121
Calculate the highest common divisor of 124351088 and 80.
16
Calculate the highest common divisor of 217261 and 12199.
11
What is the highest common factor of 120204 and 2954644?
1484
Calculate the highest common divisor of 49644595 and 15785.
385
What is the greatest common divisor of 142 and 903671386?
142
Calculate the greatest common factor of 20 and 76892390.
10
What is the highest common divisor of 2725 and 7191057?
109
What is the highest common factor of 2496468 and 83148?
2028
What is the highest common factor of 18926699 and 20207?
121
Calculate the greatest common factor of 618 and 866926383.
309
What is the greatest common divisor of 6795180 and 12?
12
Calculate the greatest common factor of 5399 and 1761.
1
What is the greatest common factor of 449592246 and 18?
18
What is the highest common factor of 1888852 and 3818?
46
What is the highest common factor of 356 and 2439846?
178
What is the greatest common divisor of 5787074 and 8378?
118
What is the greatest common divisor of 85745373 and 609?
609
Calculate the highest common divisor of 630 and 9336726.
126
What is the greatest common factor of 340 and 7342028?
68
What is the greatest common factor of 6626 and 365947354?
6626
Calculate the greatest common factor of 217458198 and 18.
18
Calculate the highest common factor of 62144927 and 39.
13
Calculate the greatest common factor of 37737749 and 21889.
371
What is the greatest common divisor of 18 and 3378?
6
Calculate the greatest common divisor of 31416440 and 100.
20
What is the greatest common divisor of 50004255 and 441?
147
Calculate the highest common factor of 970 and 29561332.
194
What is the greatest common factor of 1872 and 405496?
104
What is the greatest common divisor of 14408 and 8313?
1
Calculate the highest common factor of 1 and 8613454.
1
Calculate the greatest common factor of 64872932 and 2514.
838
What is the highest common factor of 166963834 and 94?
94
What is the greatest common factor of 1575730 and 7595?
155
Calculate the greatest common divisor of 7124445 and 45.
45
What is the highest common factor of 459357 and 20247?
51
What is the highest common divisor of 348 and 45573123?
87
What is the highest common divisor of 32425442 and 651?
217
Calculate the greatest common divisor of 86 and 1535831.
43
What is the greatest common factor of 6755 and 2730757?
193
Calculate the greatest common factor of 13344 and 3897824.
32
Calculate the highest common divisor of 42808524 and 158862.
1914
What is the greatest common divisor of 184577398 and 51?
17
Calculate the greatest common factor of 214597040 and 2520.
280
Calculate the greatest common divisor of 27314 and 230.
2
Calculate the highest common factor of 8461903 and 1112.
139
What is the greatest common divisor of 219009 and 4011?
21
What is the highest common factor of 15027278 and 44254?
406
What is the greatest common factor of 35516553 and 51?
51
What is the greatest common factor of 3896608 and 26300?
1052
What is the highest common factor of 1225 and 1814?
1
What is the highest common divisor of 153 and 260515?
1
What is the greatest common divisor of 832 and 24256?
64
Calculate the greatest common divisor of 336 and 771888.
48
Calculate the greatest common factor of 12478321 and 426.
71
Calculate the highest common factor of 260001 and 6363.
63
What is the highest common factor of 143 and 1042977?
13
Calculate the highest common divisor of 3280 and 48118256.
656
Calculate the highest common divisor of 120250 and 167000.
250
What is the highest common factor of 61 and 13461053?
61
What is the greatest common divisor of 2666274311 and 739?
739
What is the highest common factor of 5696137 and 711?
79
What is the greatest common factor of 66367 and 2176944?
133
What is the greatest common factor of 74359 and 11?
1
Calculate the highest common divisor of 1055730956 and 11872.
1484
Calculate the greatest common divisor of 757930950 and 25375.
5075
What is the highest common factor of 22173 and 4052633